{"id":3,"date":"2022-02-15T03:40:57","date_gmt":"2022-02-15T03:40:57","guid":{"rendered":"https:\/\/demo.webdigify.com\/WCM02\/WCM034_winery\/?page_id=3"},"modified":"2023-08-24T17:35:27","modified_gmt":"2023-08-24T15:35:27","slug":"privacy-policy","status":"publish","type":"page","link":"https:\/\/mundoagua.com.uy\/index.php\/privacy-policy\/","title":{"rendered":"Pol\u00edtica de privacidad"},"content":{"rendered":"\t\t<div data-elementor-type=\"wp-page\" data-elementor-id=\"3\" class=\"elementor elementor-3\">\n\t\t\t\t\t\t\t\t\t<section class=\"elementor-section elementor-top-section elementor-element elementor-element-3cae9b48 elementor-section-boxed elementor-section-height-default elementor-section-height-default\" data-id=\"3cae9b48\" data-element_type=\"section\">\n\t\t\t\t\t\t<div class=\"elementor-container elementor-column-gap-default\">\n\t\t\t\t\t<div class=\"elementor-column elementor-col-100 elementor-top-column elementor-element elementor-element-1da047a\" data-id=\"1da047a\" data-element_type=\"column\">\n\t\t\t<div class=\"elementor-widget-wrap elementor-element-populated\">\n\t\t\t\t\t\t\t\t<div class=\"elementor-element elementor-element-5eed3cbe elementor-widget elementor-widget-text-editor\" data-id=\"5eed3cbe\" data-element_type=\"widget\" data-widget_type=\"text-editor.default\">\n\t\t\t\t<div class=\"elementor-widget-container\">\n\t\t\t<style>\/*! elementor - v3.17.0 - 08-11-2023 *\/\n.elementor-widget-text-editor.elementor-drop-cap-view-stacked .elementor-drop-cap{background-color:#69727d;color:#fff}.elementor-widget-text-editor.elementor-drop-cap-view-framed .elementor-drop-cap{color:#69727d;border:3px solid;background-color:transparent}.elementor-widget-text-editor:not(.elementor-drop-cap-view-default) .elementor-drop-cap{margin-top:8px}.elementor-widget-text-editor:not(.elementor-drop-cap-view-default) .elementor-drop-cap-letter{width:1em;height:1em}.elementor-widget-text-editor .elementor-drop-cap{float:left;text-align:center;line-height:1;font-size:50px}.elementor-widget-text-editor .elementor-drop-cap-letter{display:inline-block}<\/style>\t\t\t\t<p><!-- wp:heading --><\/p>\n<h3 style=\"box-sizing: inherit; margin-top: 20px; margin-bottom: 10px; line-height: 25px; font-size: 18px; color: #53575a; font-family: 'PT Sans', sans-serif;\">CONDICIONES DE USO<\/h3>\n<p style=\"box-sizing: inherit; margin-right: 0px; margin-bottom: 10px; margin-left: 0px; padding: 0px; line-height: inherit; color: #53575a; font-family: 'PT Sans', sans-serif; font-size: 13px;\">\u00a0El acceso y uso de este Sitio web, as\u00ed como la compra de productos en mundoagua.com.uy\u00a0se basan en la suposici\u00f3n de que estas Condiciones de Uso han sido le\u00eddas, entendidas y aceptadas por usted.<\/p>\n<p style=\"box-sizing: inherit; margin-right: 0px; margin-bottom: 10px; margin-left: 0px; padding: 0px; line-height: inherit; color: #53575a; font-family: 'PT Sans', sans-serif; font-size: 13px;\">Este Sitio web es administrado y mantenido por MUNDOAGUA S.A.S. (\u00abAdministrador\u00bb), con RUT 218922570014 y con domicilio en Ruta 8, Km 17.500, Local 1400 Zonamerica, Montevideo Uruguay. Puede ponerse en contacto con nosotros enviando un email a la direcci\u00f3n hola@190.105.228.148<\/p>\n<p style=\"box-sizing: inherit; margin-right: 0px; margin-bottom: 10px; margin-left: 0px; padding: 0px; line-height: inherit; color: #53575a; font-family: 'PT Sans', sans-serif; font-size: 13px;\">Cuando hacemos referencia al cliente nos referimos al usuario del Sitio Web y al comprador de Productos y cuando se hace referencia a MUNDOAGUA\u00a0nos referimos a la empresa, en adelante Proveedor.<\/p>\n<p style=\"box-sizing: inherit; margin-right: 0px; margin-bottom: 10px; margin-left: 0px; padding: 0px; line-height: inherit; color: #53575a; font-family: 'PT Sans', sans-serif; font-size: 13px;\">Estos t\u00e9rminos y condiciones constituyen un contrato jur\u00eddicamente vinculante entre el cliente y MUNDOAGUA\u00a0<\/p>\n<p style=\"box-sizing: inherit; margin-right: 0px; margin-bottom: 10px; margin-left: 0px; padding: 0px; line-height: inherit; color: #53575a; font-family: 'PT Sans', sans-serif; font-size: 13px;\">Al adquirir nuestros Productos, el cliente estar\u00e1 aceptando los presentes t\u00e9rminos y condiciones.<\/p>\n<p style=\"box-sizing: inherit; margin-right: 0px; margin-bottom: 10px; margin-left: 0px; padding: 0px; line-height: inherit; color: #53575a; font-family: 'PT Sans', sans-serif; font-size: 13px;\">Antes de adquirir alg\u00fan Producto en este Sitio Web, el cliente debe leer atentamente los siguientes t\u00e9rminos y condiciones:<\/p>\n<ul style=\"box-sizing: inherit; margin: 15px 0px; padding-left: 25px; line-height: inherit; color: #53575a; font-family: 'PT Sans', sans-serif; font-size: 13px;\">\n<li style=\"box-sizing: inherit; margin: 0px 0px 5px; padding: 0px 0px 0px 10px; line-height: inherit;\">\u00b7 \u00a0 \u00a0 \u00a0 \u00a0 Informaci\u00f3n sobre el Sitio Web y los Productos.<\/li>\n<li style=\"box-sizing: inherit; margin: 0px 0px 5px; padding: 0px 0px 0px 10px; line-height: inherit;\">\u00b7 \u00a0 \u00a0 \u00a0 \u00a0 Compra de Productos.<\/li>\n<li style=\"box-sizing: inherit; margin: 0px 0px 5px; padding: 0px 0px 0px 10px; line-height: inherit;\">\u00b7 \u00a0 \u00a0 \u00a0 \u00a0 Devoluci\u00f3n de Productos.<\/li>\n<li style=\"box-sizing: inherit; margin: 0px 0px 5px; padding: 0px 0px 0px 10px; line-height: inherit;\">\u00b7 \u00a0 \u00a0 \u00a0 \u00a0 T\u00e9rminos generales relativos a nuestra relaci\u00f3n con el cliente.<\/li>\n<\/ul>\n<p style=\"box-sizing: inherit; margin-right: 0px; margin-bottom: 10px; margin-left: 0px; padding: 0px; line-height: inherit; color: #53575a; font-family: 'PT Sans', sans-serif; font-size: 13px;\">Nos reservamos el derecho a modificar los t\u00e9rminos y condiciones que rigen el Sitio-Web y los Productos.<\/p>\n<p style=\"box-sizing: inherit; margin-right: 0px; margin-bottom: 10px; margin-left: 0px; padding: 0px; line-height: inherit; color: #53575a; font-family: 'PT Sans', sans-serif; font-size: 13px;\">El cliente debe consultar de forma peri\u00f3dica los t\u00e9rminos y condiciones publicados en el Sitio Web a fin de asegurarse de que conoce y cumple lo establecido en la versi\u00f3n actual.<\/p>\n<p style=\"box-sizing: inherit; margin-right: 0px; margin-bottom: 10px; margin-left: 0px; padding: 0px; line-height: inherit; color: #53575a; font-family: 'PT Sans', sans-serif; font-size: 13px;\">En caso de dudas sobre estos t\u00e9rminos y condiciones, sobre los Productos o sobre el Sitio Web, podr\u00e1 escribir a la direcci\u00f3n de correo electr\u00f3nico hola@190.105.228.148 o llamar al 092328764 de lunes a viernes de 10 a 19 horas.<\/p>\n<p style=\"box-sizing: inherit; margin-right: 0px; margin-bottom: 10px; margin-left: 0px; padding: 0px; line-height: inherit; color: #53575a; font-family: 'PT Sans', sans-serif; font-size: 13px;\">\u00a0<\/p>\n<h3 style=\"box-sizing: inherit; margin-top: 20px; margin-bottom: 10px; line-height: 25px; font-size: 18px; color: #53575a; font-family: 'PT Sans', sans-serif;\">Informaci\u00f3n sobre el sitio web y los productos<\/h3>\n<p style=\"box-sizing: inherit; margin-right: 0px; margin-bottom: 10px; margin-left: 0px; padding: 0px; line-height: inherit; color: #53575a; font-family: 'PT Sans', sans-serif; font-size: 13px;\">Adquirir productos de Mundoagua\u00a0en Internet tiene determinadas particularidades, sobre todo, el cliente debe tener en cuenta lo siguiente:<\/p>\n<ul style=\"box-sizing: inherit; margin: 15px 0px; padding-left: 25px; line-height: inherit; color: #53575a; font-family: 'PT Sans', sans-serif; font-size: 13px;\">\n<li style=\"box-sizing: inherit; margin: 0px 0px 5px; padding: 0px 0px 0px 10px; line-height: inherit;\">\u00b7 \u00a0 \u00a0 \u00a0 \u00a0 Los colores de los Productos que se visualizan en el Sitio Web dependen de muchos factores, incluida la configuraci\u00f3n de su pantalla.<\/li>\n<li style=\"box-sizing: inherit; margin: 0px 0px 5px; padding: 0px 0px 0px 10px; line-height: inherit;\">\u00b7 \u00a0 \u00a0 \u00a0 \u00a0 Todas las medidas son aproximadas.<\/li>\n<li style=\"box-sizing: inherit; margin: 0px 0px 5px; padding: 0px 0px 0px 10px; line-height: inherit;\">\u00b7 \u00a0 \u00a0 \u00a0 \u00a0 Todos los Productos est\u00e1n sujetos a disponibilidad.<\/li>\n<li style=\"box-sizing: inherit; margin: 0px 0px 5px; padding: 0px 0px 0px 10px; line-height: inherit;\">\u00b7 \u00a0 \u00a0 \u00a0 \u00a0 Todos los plazos de entrega calculados y proporcionados en el Sitio Web o por e-mail son aproximados. La informaci\u00f3n del lugar de env\u00edo es de su exclusiva responsabilidad. Los plazos elegidos para el despacho y entrega se cuentan desde que el Proveedor haya validado la orden de compra y el medio de pago utilizado (para el cumplimiento de dicho plazo se consideran d\u00edas h\u00e1biles). El proveedor no entregar\u00e1 ning\u00fan producto sin que antes se encuentre acreditado el pago del mismo.\u00a0<\/li>\n<li style=\"box-sizing: inherit; margin: 0px 0px 5px; padding: 0px 0px 0px 10px; line-height: inherit;\">\u00b7 \u00a0 \u00a0 \u00a0 \u00a0 Es posible que los Productos y las ofertas que se ofrecen en el Sitio Web no est\u00e9n disponibles en tiendas y viceversa. El proveedor se reserva el derecho de verificar stock f\u00edsico de una oferta aceptada, por lo cual tendr\u00e1 un plazo de 72 horas a partir de la aceptaci\u00f3n de la oferta. Usted declara y acepta que debido a que m\u00e1s de un Usuario, en forma simult\u00e1nea, puede estar adquiriendo el mismo producto a trav\u00e9s del Sitio Web, puede ocurrir que aparezca como disponible pero que al momento de finalizar la compra ya se haya agotado. En ese caso, el Proveedor no ser\u00e1 responsable por la falta de stock y se proceder\u00e1 con la restituci\u00f3n del importe por usted abonado.<\/li>\n<li style=\"box-sizing: inherit; margin: 0px 0px 5px; padding: 0px 0px 0px 10px; line-height: inherit;\">\u00b7 \u00a0 \u00a0 \u00a0 \u00a0 Los productos fr\u00e1giles los revisamos y enviamos con las m\u00e1ximas recomendaciones de fragilidad, no nos hacemos responsables por los da\u00f1os que pueda recibir la mercader\u00eda en el env\u00edo a trav\u00e9s de agencia.<\/li>\n<li style=\"box-sizing: inherit; margin: 0px 0px 5px; padding: 0px 0px 0px 10px; line-height: inherit;\">\u00b7 \u00a0 \u00a0 \u00a0 \u00a0 El cliente es responsable de asegurar que sus datos de inicio de sesi\u00f3n, su contrase\u00f1a y el resto de datos relativos a su cuenta sean confidenciales en todo momento.<\/li>\n<\/ul>\n<h3 style=\"box-sizing: inherit; margin-top: 20px; margin-bottom: 10px; line-height: 25px; font-size: 18px; color: #53575a; font-family: 'PT Sans', sans-serif;\">Promociones<\/h3>\n<p style=\"box-sizing: inherit; margin-right: 0px; margin-bottom: 10px; margin-left: 0px; padding: 0px; line-height: inherit; color: #53575a; font-family: 'PT Sans', sans-serif; font-size: 13px;\">Las promociones que se ofrezcan en el Sitio Web no son necesariamente las mismas que ofrezcan otros canales de venta utilizados por el Proveedor, tales como tienda f\u00edsica, convenios, venta telef\u00f3nica u otros, a menos que se se\u00f1ale expresamente en el Sitio Web o en la publicidad que realice el Proveedor para cada promoci\u00f3n.<\/p>\n<p style=\"box-sizing: inherit; margin-right: 0px; margin-bottom: 10px; margin-left: 0px; padding: 0px; line-height: inherit; color: #53575a; font-family: 'PT Sans', sans-serif; font-size: 13px;\">\u00a0<\/p>\n<h3 style=\"box-sizing: inherit; margin-top: 20px; margin-bottom: 10px; line-height: 25px; font-size: 18px; color: #53575a; font-family: 'PT Sans', sans-serif;\">T\u00e9rminos generales relativos a la relaci\u00f3n de MUNDOAGUA con el cliente<\/h3>\n<p style=\"box-sizing: inherit; margin-right: 0px; margin-bottom: 10px; margin-left: 0px; padding: 0px; line-height: inherit; color: #53575a; font-family: 'PT Sans', sans-serif; font-size: 13px;\">En esta parte se establecen algunos t\u00e9rminos generales que rigen la relaci\u00f3n con el cliente y las compras que realice.<\/p>\n<p style=\"box-sizing: inherit; margin-right: 0px; margin-bottom: 10px; margin-left: 0px; padding: 0px; line-height: inherit; color: #53575a; font-family: 'PT Sans', sans-serif; font-size: 13px;\">El cliente ser\u00e1 responsable por todas las operaciones efectuadas en su Cuenta, pues el acceso a la misma est\u00e1 restringido al ingreso y uso de su Clave de Seguridad, de conocimiento exclusivo del Usuario.<\/p>\n<p style=\"box-sizing: inherit; margin-right: 0px; margin-bottom: 10px; margin-left: 0px; padding: 0px; line-height: inherit; color: #53575a; font-family: 'PT Sans', sans-serif; font-size: 13px;\">El cliente se compromete a notificar a MUNDOAGUA\u00a0en forma inmediata, o por v\u00eda correo electr\u00f3nico enviando un e-mail a hola@190.105.228.148 cualquier uso no autorizado de su Cuenta, as\u00ed como el ingreso por terceros no autorizados a la misma.<\/p>\n<p style=\"box-sizing: inherit; margin-right: 0px; margin-bottom: 10px; margin-left: 0px; padding: 0px; line-height: inherit; color: #53575a; font-family: 'PT Sans', sans-serif; font-size: 13px;\">Est\u00e1 prohibida la venta, cesi\u00f3n o transferencia de la Cuenta bajo ning\u00fan t\u00edtulo.<\/p>\n<p style=\"box-sizing: inherit; margin-right: 0px; margin-bottom: 10px; margin-left: 0px; padding: 0px; line-height: inherit; color: #53575a; font-family: 'PT Sans', sans-serif; font-size: 13px;\">El registro en mundoagua.com.uy es gratuito. Los usuarios que realicen compras quedar\u00e1n registrados autom\u00e1ticamente en la base de datos de mundoagua, pudiendo darse de baja en cualquier momento.<\/p>\n<p style=\"box-sizing: inherit; margin-right: 0px; margin-bottom: 10px; margin-left: 0px; padding: 0px; line-height: inherit; color: #53575a; font-family: 'PT Sans', sans-serif; font-size: 13px;\">La identidad y el domicilio a quien se har\u00e1 la entrega ser\u00e1 la que el cliente indique como tal en el momento de completar la solicitud de compra como usuario de mundoagua.com.uy y podr\u00e1 no coincidir con su domicilio real.<\/p>\n<p style=\"box-sizing: inherit; margin-right: 0px; margin-bottom: 10px; margin-left: 0px; padding: 0px; line-height: inherit; color: #53575a; font-family: 'PT Sans', sans-serif; font-size: 13px;\">MUNDOAGUA no ser\u00e1 responsable por errores derivados de datos incorrectos en la identidad y\/o domicilio de entrega denunciados en la solicitud de compra, por lo que no ser\u00e1n de su cargo el pago de cualquier gasto generado por tal concepto, que deber\u00e1 ser abonado por el cliente que aport\u00f3 dichos datos err\u00f3neos.<\/p>\n<p style=\"box-sizing: inherit; margin-right: 0px; margin-bottom: 10px; margin-left: 0px; padding: 0px; line-height: inherit; color: #53575a; font-family: 'PT Sans', sans-serif; font-size: 13px;\">Para realizar compras a trav\u00e9s de nuestro sitio web la persona debe ser mayor de 18 a\u00f1os.\u00a0<\/p>\n<p style=\"box-sizing: inherit; margin-right: 0px; margin-bottom: 10px; margin-left: 0px; padding: 0px; line-height: inherit; color: #53575a; font-family: 'PT Sans', sans-serif; font-size: 13px;\">Los derechos de propiedad intelectual de todo el software y de los contenidos disponibles para el cliente a trav\u00e9s de la p\u00e1gina Web son de propiedad de mundoagua y de las partes que le otorgan la licencia, por lo que dichos derechos le est\u00e1n reservados a mundoagua y a sus licenciantes. Se proh\u00edbe publicar, manipular, distribuir ni reproducir de manera alguna, ni en ning\u00fan formato, los contenidos ni copias de los contenidos que le suministramos al cliente o que se ofrezcan a trav\u00e9s de la p\u00e1gina Web. Asimismo, no est\u00e1 autorizado el uso de dichos contenidos en relaci\u00f3n con ning\u00fan negocio o empresa comercial. \u00a0<\/p>\n<p style=\"box-sizing: inherit; margin-right: 0px; margin-bottom: 10px; margin-left: 0px; padding: 0px; line-height: inherit; color: #53575a; font-family: 'PT Sans', sans-serif; font-size: 13px;\">Los T\u00e9rminos y Condiciones precedentes se rigen por la legislaci\u00f3n de la Rep\u00fablica Oriental del Uruguay.<\/p>\n<p style=\"box-sizing: inherit; margin-right: 0px; margin-bottom: 10px; margin-left: 0px; padding: 0px; line-height: inherit; color: #53575a; font-family: 'PT Sans', sans-serif; font-size: 13px;\">Los cambios o actualizaciones en \u00e9stos se comunicar\u00e1n en esta secci\u00f3n, por lo cual sugerimos a los usuarios que consulten peri\u00f3dicamente los T\u00e9rminos y Condiciones para conocer la \u00faltima versi\u00f3n publicada.<\/p>\n<p style=\"box-sizing: inherit; margin-right: 0px; margin-bottom: 10px; margin-left: 0px; padding: 0px; line-height: inherit; color: #53575a; font-family: 'PT Sans', sans-serif; font-size: 13px;\">Cualquier reclamaci\u00f3n judicial que se pudiere llegar a promover en base a los T\u00e9rminos y Condiciones precedentes, ser\u00e1 siempre de competencia de los jueces y tribunales del departamento de Montevideo \u2013 Rep\u00fablica Oriental del Uruguay.<\/p>\n<p><!-- \/wp:paragraph --><\/p>\t\t\t\t\t\t<\/div>\n\t\t\t\t<\/div>\n\t\t\t\t\t<\/div>\n\t\t<\/div>\n\t\t\t\t\t\t\t<\/div>\n\t\t<\/section>\n\t\t\t\t\t\t\t<\/div>\n\t\t","protected":false},"excerpt":{"rendered":"<p>CONDICIONES DE USO \u00a0El acceso y uso de este Sitio web, as\u00ed como la compra de productos en mundoagua.com.uy\u00a0se basan en la suposici\u00f3n de que estas Condiciones de Uso han sido le\u00eddas, entendidas y aceptadas por usted. Este Sitio web es administrado y mantenido por MUNDOAGUA S.A.S. (\u00abAdministrador\u00bb), con RUT 218922570014 y con domicilio en&#8230;<\/p>\n","protected":false},"author":1,"featured_media":0,"parent":0,"menu_order":0,"comment_status":"closed","ping_status":"open","template":"","meta":{"_tbt_post_transparent":"","_tbt_post_title":"","_tbt_post_layout":"","_tbt_post_sidebar_id":"","_tbt_post_content_style":"","_tbt_post_vertical_padding":"","_tbt_post_feature":"","_tbt_post_feature_position":"","_tbt_post_header":false,"_tbt_post_footer":false,"_joinchat":[],"footnotes":""},"class_list":["post-3","page","type-page","status-publish","hentry"],"_links":{"self":[{"href":"https:\/\/mundoagua.com.uy\/index.php\/wp-json\/wp\/v2\/pages\/3","targetHints":{"allow":["GET"]}}],"collection":[{"href":"https:\/\/mundoagua.com.uy\/index.php\/wp-json\/wp\/v2\/pages"}],"about":[{"href":"https:\/\/mundoagua.com.uy\/index.php\/wp-json\/wp\/v2\/types\/page"}],"author":[{"embeddable":true,"href":"https:\/\/mundoagua.com.uy\/index.php\/wp-json\/wp\/v2\/users\/1"}],"replies":[{"embeddable":true,"href":"https:\/\/mundoagua.com.uy\/index.php\/wp-json\/wp\/v2\/comments?post=3"}],"version-history":[{"count":4,"href":"https:\/\/mundoagua.com.uy\/index.php\/wp-json\/wp\/v2\/pages\/3\/revisions"}],"predecessor-version":[{"id":26132,"href":"https:\/\/mundoagua.com.uy\/index.php\/wp-json\/wp\/v2\/pages\/3\/revisions\/26132"}],"wp:attachment":[{"href":"https:\/\/mundoagua.com.uy\/index.php\/wp-json\/wp\/v2\/media?parent=3"}],"curies":[{"name":"wp","href":"https:\/\/api.w.org\/{rel}","templated":true}]}}