{"id":26499,"date":"2023-09-13T16:11:41","date_gmt":"2023-09-13T14:11:41","guid":{"rendered":"http:\/\/190.105.228.148\/~mundoag\/?post_type=product&#038;p=26499"},"modified":"2025-02-21T18:30:51","modified_gmt":"2025-02-21T17:30:51","slug":"purificador-de-aire-gy-480-ap","status":"publish","type":"product","link":"https:\/\/mundoagua.com.uy\/index.php\/product\/purificador-de-aire-gy-480-ap\/","title":{"rendered":"PURIFICADOR DE AIRE GY 480 AP"},"content":{"rendered":"<p>Mejora la calidad de vida de tu entorno m\u00e1s cercano con el purificador Goodyear para ambientes de hasta 48 m2.<\/p>\n<p>Recomendado para personas con alergia o asma.<\/p>\n<p>IDEAL PARA:<br \/>\nHogares y espacios comunitarios<br \/>\nCentros de estudio<br \/>\nCl\u00ednicas y centros de salud<br \/>\nCafeter\u00edas y restaurantes<br \/>\nCentros deportivos<br \/>\nOficinas y espacios coworking<\/p>\n<p>ELIMINA:<br \/>\n\u2013 99,66% de bacterias<br \/>\n\u2013 99,87% de part\u00edculas PM 2.5<br \/>\n\u2013 93,30% de formaldeh\u00eddos<\/p>\n<p>NEUTRALIZA:<br \/>\nPart\u00edculas de polvo, bacterias, virus, polen, \u00e1caros, pelos y caspa de animales, vapores de cocina, humos y contaminaci\u00f3n exterior.<\/p>\n<p>FILTRO 6 CAPAS<br \/>\n1. Filtro inicial de malla<br \/>\n2. Filtro HEPA<br \/>\n3. Capa de carb\u00f3n activado<br \/>\n4. Catalizador de formaldeh\u00eddo<br \/>\n5. Tecnolog\u00eda de carb\u00f3n de contacto en fr\u00edo<br \/>\n6. Tecnolog\u00eda antibacteriana de iones de plata<\/p>\n<p>INCLUYE CONTROL REMOTO Y PANEL DE CONTROL T\u00c1CTIL<\/p>\n<p>ESPECIFICACIONES<br \/>\nPara espacios de hasta 48 m2<br \/>\nELIMINACI\u00d3N PM 2.5: 99,66%<br \/>\nFILTROS: 6<br \/>\nPANTALLA LCD: No<br \/>\nCONTROL REMOTO S\u00ed<br \/>\nCONTROL POR APP: No<br \/>\nLUZ UVC: No<br \/>\nFUNCIONAMIENTO AUTOM\u00c1TICO: No<br \/>\nMODO INTELIGENTE: No<br \/>\nMODO NOCHE: No<br \/>\nBLOQUEO PARA NI\u00d1OS: S\u00ed<br \/>\nLIBERACI\u00d3N DE IONES NEGATIVOS: No<\/p>\n","protected":false},"excerpt":{"rendered":"<p>Mejora la calidad de vida de tu entorno m\u00e1s cercano con el purificador Goodyear para ambientes de hasta 48 m2.<\/p>\n<p>Recomendado para personas con alergia o asma.<\/p>\n<p>IDEAL PARA:<br \/>\nHogares y espacios comunitarios<br \/>\nCentros de estudio<br \/>\nCl\u00ednicas y centros de salud<br \/>\nCafeter\u00edas y restaurantes<br \/>\nCentros deportivos<br \/>\nOficinas y espacios coworking<\/p>\n<p>ELIMINA:<br \/>\n\u2013 99,66% de bacterias<br \/>\n\u2013 99,87% de part\u00edculas PM 2.5<br \/>\n\u2013 93,30% de formaldeh\u00eddos<\/p>\n<p>NEUTRALIZA:<br \/>\nPart\u00edculas de polvo, bacterias, virus, polen, \u00e1caros, pelos y caspa de animales, vapores de cocina, humos y contaminaci\u00f3n exterior.<\/p>\n<p>FILTRO 6 CAPAS<br \/>\n1. Filtro inicial de malla<br \/>\n2. Filtro HEPA<br \/>\n3. Capa de carb\u00f3n activado<br \/>\n4. Catalizador de formaldeh\u00eddo<br \/>\n5. Tecnolog\u00eda de carb\u00f3n de contacto en fr\u00edo<br \/>\n6. Tecnolog\u00eda antibacteriana de iones de plata<\/p>\n<p>INCLUYE CONTROL REMOTO Y PANEL DE CONTROL T\u00c1CTIL<\/p>\n<p>ESPECIFICACIONES<br \/>\nPara espacios de hasta 48 m2<br \/>\nELIMINACI\u00d3N PM 2.5: 99,66%<br \/>\nFILTROS: 6<br \/>\nPANTALLA LCD: No<br \/>\nCONTROL REMOTO S\u00ed<br \/>\nCONTROL POR APP: No<br \/>\nLUZ UVC: No<br \/>\nFUNCIONAMIENTO AUTOM\u00c1TICO: No<br \/>\nMODO INTELIGENTE: No<br \/>\nMODO NOCHE: No<br \/>\nBLOQUEO PARA NI\u00d1OS: S\u00ed<br \/>\nLIBERACI\u00d3N DE IONES NEGATIVOS: No<\/p>\n","protected":false},"featured_media":26500,"comment_status":"open","ping_status":"closed","template":"","meta":{"_tbt_post_transparent":"default","_tbt_post_title":"","_tbt_post_layout":"default","_tbt_post_sidebar_id":"","_tbt_post_content_style":"default","_tbt_post_vertical_padding":"default","_tbt_post_feature":"","_tbt_post_feature_position":"","_tbt_post_header":false,"_tbt_post_footer":false,"_joinchat":[]},"product_brand":[],"product_cat":[100],"product_tag":[],"class_list":{"0":"post-26499","1":"product","2":"type-product","3":"status-publish","4":"has-post-thumbnail","6":"product_cat-purificador-de-aire","8":"first","9":"instock","10":"taxable","11":"shipping-taxable","12":"purchasable","13":"product-type-simple","14":"entry","15":"content-bg","16":"loop-entry"},"_links":{"self":[{"href":"https:\/\/mundoagua.com.uy\/index.php\/wp-json\/wp\/v2\/product\/26499","targetHints":{"allow":["GET"]}}],"collection":[{"href":"https:\/\/mundoagua.com.uy\/index.php\/wp-json\/wp\/v2\/product"}],"about":[{"href":"https:\/\/mundoagua.com.uy\/index.php\/wp-json\/wp\/v2\/types\/product"}],"replies":[{"embeddable":true,"href":"https:\/\/mundoagua.com.uy\/index.php\/wp-json\/wp\/v2\/comments?post=26499"}],"version-history":[{"count":5,"href":"https:\/\/mundoagua.com.uy\/index.php\/wp-json\/wp\/v2\/product\/26499\/revisions"}],"predecessor-version":[{"id":27120,"href":"https:\/\/mundoagua.com.uy\/index.php\/wp-json\/wp\/v2\/product\/26499\/revisions\/27120"}],"wp:featuredmedia":[{"embeddable":true,"href":"https:\/\/mundoagua.com.uy\/index.php\/wp-json\/wp\/v2\/media\/26500"}],"wp:attachment":[{"href":"https:\/\/mundoagua.com.uy\/index.php\/wp-json\/wp\/v2\/media?parent=26499"}],"wp:term":[{"taxonomy":"product_brand","embeddable":true,"href":"https:\/\/mundoagua.com.uy\/index.php\/wp-json\/wp\/v2\/product_brand?post=26499"},{"taxonomy":"product_cat","embeddable":true,"href":"https:\/\/mundoagua.com.uy\/index.php\/wp-json\/wp\/v2\/product_cat?post=26499"},{"taxonomy":"product_tag","embeddable":true,"href":"https:\/\/mundoagua.com.uy\/index.php\/wp-json\/wp\/v2\/product_tag?post=26499"}],"curies":[{"name":"wp","href":"https:\/\/api.w.org\/{rel}","templated":true}]}}