{"id":26637,"date":"2023-10-09T17:52:38","date_gmt":"2023-10-09T15:52:38","guid":{"rendered":"http:\/\/190.105.228.148\/~mundoag\/?post_type=product&#038;p=26637"},"modified":"2026-04-29T07:19:05","modified_gmt":"2026-04-29T05:19:05","slug":"grifo-3-vias-recto-negro-para-purificador-bajo-mesa-cod-sw-7604bl","status":"publish","type":"product","link":"https:\/\/mundoagua.com.uy\/index.php\/product\/grifo-3-vias-recto-negro-para-purificador-bajo-mesa-cod-sw-7604bl\/","title":{"rendered":"GRIFO 3 V\u00cdAS RECTO NEGRO PARA PURIFICADOR BAJO MESA (COD: SW-7604BL)"},"content":{"rendered":"<p>Grifo recto de 3 v\u00edas para agua de la red fr\u00eda, caliente y agua purificada. Un dise\u00f1o elegante y de buena calidad a la hora de elegir. Sustituye el grifo convencional y proporciona comodidad. Gira 360\u00ba y tiene 1 a\u00f1o de garant\u00eda.<\/p>\n","protected":false},"excerpt":{"rendered":"<p>Grifo recto de 3 v\u00edas para agua de la red fr\u00eda, caliente y agua purificada. Un dise\u00f1o elegante y de buena calidad a la hora de elegir. Sustituye el grifo convencional y proporciona comodidad. Gira 360\u00ba y tiene 1 a\u00f1o de garant\u00eda.<\/p>\n<p>&nbsp;<\/p>\n","protected":false},"featured_media":26670,"comment_status":"open","ping_status":"closed","template":"","meta":{"_tbt_post_transparent":"default","_tbt_post_title":"","_tbt_post_layout":"default","_tbt_post_sidebar_id":"","_tbt_post_content_style":"default","_tbt_post_vertical_padding":"default","_tbt_post_feature":"","_tbt_post_feature_position":"","_tbt_post_header":false,"_tbt_post_footer":false,"_joinchat":[]},"product_brand":[],"product_cat":[81],"product_tag":[],"class_list":{"0":"post-26637","1":"product","2":"type-product","3":"status-publish","4":"has-post-thumbnail","6":"product_cat-grifos","8":"first","9":"instock","10":"taxable","11":"shipping-taxable","12":"purchasable","13":"product-type-simple","14":"entry","15":"content-bg","16":"loop-entry"},"_links":{"self":[{"href":"https:\/\/mundoagua.com.uy\/index.php\/wp-json\/wp\/v2\/product\/26637","targetHints":{"allow":["GET"]}}],"collection":[{"href":"https:\/\/mundoagua.com.uy\/index.php\/wp-json\/wp\/v2\/product"}],"about":[{"href":"https:\/\/mundoagua.com.uy\/index.php\/wp-json\/wp\/v2\/types\/product"}],"replies":[{"embeddable":true,"href":"https:\/\/mundoagua.com.uy\/index.php\/wp-json\/wp\/v2\/comments?post=26637"}],"version-history":[{"count":6,"href":"https:\/\/mundoagua.com.uy\/index.php\/wp-json\/wp\/v2\/product\/26637\/revisions"}],"predecessor-version":[{"id":27126,"href":"https:\/\/mundoagua.com.uy\/index.php\/wp-json\/wp\/v2\/product\/26637\/revisions\/27126"}],"wp:featuredmedia":[{"embeddable":true,"href":"https:\/\/mundoagua.com.uy\/index.php\/wp-json\/wp\/v2\/media\/26670"}],"wp:attachment":[{"href":"https:\/\/mundoagua.com.uy\/index.php\/wp-json\/wp\/v2\/media?parent=26637"}],"wp:term":[{"taxonomy":"product_brand","embeddable":true,"href":"https:\/\/mundoagua.com.uy\/index.php\/wp-json\/wp\/v2\/product_brand?post=26637"},{"taxonomy":"product_cat","embeddable":true,"href":"https:\/\/mundoagua.com.uy\/index.php\/wp-json\/wp\/v2\/product_cat?post=26637"},{"taxonomy":"product_tag","embeddable":true,"href":"https:\/\/mundoagua.com.uy\/index.php\/wp-json\/wp\/v2\/product_tag?post=26637"}],"curies":[{"name":"wp","href":"https:\/\/api.w.org\/{rel}","templated":true}]}}