{"id":26957,"date":"2024-02-26T20:50:51","date_gmt":"2024-02-26T19:50:51","guid":{"rendered":"http:\/\/190.105.228.148\/~mundoag\/?post_type=product&#038;p=26957"},"modified":"2025-02-21T18:15:14","modified_gmt":"2025-02-21T17:15:14","slug":"cilindro-de-co2-full-para-maquina-de-soda","status":"publish","type":"product","link":"https:\/\/mundoagua.com.uy\/index.php\/product\/cilindro-de-co2-full-para-maquina-de-soda\/","title":{"rendered":"Cilindro De Co2 Full Para Maquina De Soda"},"content":{"rendered":"","protected":false},"excerpt":{"rendered":"<p>Nuestros cilindros gasificadores est\u00e1n fabricados de aluminio no cosido ; son compatibles con todas<br \/>\nlas m\u00e1quinas de soda del mercado. El gasificador est\u00e1 disponible en un \u00fanico tama\u00f1o que rinde 60 litros.<br \/>\nUn cilindro CO2 con carga completa es incluido en la compra de tu sistema Sodamerica y cuando<br \/>\nel gas se termina, podr\u00e1s intercambiar tu gasificador vacio por uno lleno pagando solamente<br \/>\nel costo del contenido.<\/p>\n","protected":false},"featured_media":26958,"comment_status":"open","ping_status":"closed","template":"","meta":{"_tbt_post_transparent":"default","_tbt_post_title":"","_tbt_post_layout":"default","_tbt_post_sidebar_id":"","_tbt_post_content_style":"default","_tbt_post_vertical_padding":"default","_tbt_post_feature":"","_tbt_post_feature_position":"","_tbt_post_header":false,"_tbt_post_footer":false,"_joinchat":[]},"product_brand":[],"product_cat":[103,15],"product_tag":[],"class_list":{"0":"post-26957","1":"product","2":"type-product","3":"status-publish","4":"has-post-thumbnail","6":"product_cat-gasificadoras","7":"product_cat-todas","9":"first","10":"instock","11":"taxable","12":"shipping-taxable","13":"purchasable","14":"product-type-simple","15":"entry","16":"content-bg","17":"loop-entry"},"_links":{"self":[{"href":"https:\/\/mundoagua.com.uy\/index.php\/wp-json\/wp\/v2\/product\/26957","targetHints":{"allow":["GET"]}}],"collection":[{"href":"https:\/\/mundoagua.com.uy\/index.php\/wp-json\/wp\/v2\/product"}],"about":[{"href":"https:\/\/mundoagua.com.uy\/index.php\/wp-json\/wp\/v2\/types\/product"}],"replies":[{"embeddable":true,"href":"https:\/\/mundoagua.com.uy\/index.php\/wp-json\/wp\/v2\/comments?post=26957"}],"version-history":[{"count":1,"href":"https:\/\/mundoagua.com.uy\/index.php\/wp-json\/wp\/v2\/product\/26957\/revisions"}],"predecessor-version":[{"id":26959,"href":"https:\/\/mundoagua.com.uy\/index.php\/wp-json\/wp\/v2\/product\/26957\/revisions\/26959"}],"wp:featuredmedia":[{"embeddable":true,"href":"https:\/\/mundoagua.com.uy\/index.php\/wp-json\/wp\/v2\/media\/26958"}],"wp:attachment":[{"href":"https:\/\/mundoagua.com.uy\/index.php\/wp-json\/wp\/v2\/media?parent=26957"}],"wp:term":[{"taxonomy":"product_brand","embeddable":true,"href":"https:\/\/mundoagua.com.uy\/index.php\/wp-json\/wp\/v2\/product_brand?post=26957"},{"taxonomy":"product_cat","embeddable":true,"href":"https:\/\/mundoagua.com.uy\/index.php\/wp-json\/wp\/v2\/product_cat?post=26957"},{"taxonomy":"product_tag","embeddable":true,"href":"https:\/\/mundoagua.com.uy\/index.php\/wp-json\/wp\/v2\/product_tag?post=26957"}],"curies":[{"name":"wp","href":"https:\/\/api.w.org\/{rel}","templated":true}]}}